9973
List the prime factors of 370158.
2, 3, 17, 19, 191
What are the prime factors of 26663?
7, 13, 293
What are the prime factors of 52606?
2, 29, 907
List the prime factors of 4716557.
31, 152147
What are the prime factors of 1229495?
5, 245899
List the prime factors of 119543.
173, 691
What are the prime factors of 405552?
2, 3, 7, 17, 71
List the prime factors of 312243.
3, 29, 37, 97
What are the prime factors of 534945?
3, 5, 19, 1877
List the prime factors of 668552.
2, 193, 433
What are the prime factors of 1717477?
1717477
List the prime factors of 428901.
3, 11, 41, 317
What are the prime factors of 283763?
283763
List the prime factors of 665646.
2, 3, 19, 5839
What are the prime factors of 1306277?
7, 181, 1031
List the prime factors of 330484.
2, 7, 11, 29, 37
What are the prime factors of 2512734?
2, 3, 7, 29, 2063
List the prime factors of 923479.
61, 15139
List the prime factors of 7183091.
179, 40129
List the prime factors of 1469127.
3, 11, 44519
What are the prime factors of 93943?
37, 2539
What are the prime factors of 742185?
3, 5, 16493
What are the prime factors of 2395025?
5, 95801
What are the prime factors of 89219?
13, 6863
What are the prime factors of 15472903?
557, 27779
What are the prime factors of 6182735?
5, 13, 73, 1303
What are the prime factors of 16805434?
2, 8402717
List the prime factors of 262925.
5, 13, 809
List the prime factors of 24957923.
24957923
What are the prime factors of 4424362?
2, 2212181
List the prime factors of 6103164.
2, 3, 67, 7591
List the prime factors of 21701880.
2, 3, 5, 23, 2621
List the prime factors of 19125766.
2, 11, 617, 1409
What are the prime factors of 2075142?
2, 3, 19, 109, 167
List the prime factors of 113694.
2, 3, 7, 2707
What are the prime factors of 12806833?
13, 89, 11069
What are the prime factors of 35839?
35839
What are the prime factors of 30826267?
30826267
List the prime factors of 1895848.
2, 236981
What are the prime factors of 22060137?
3, 11, 53, 12613
List the prime factors of 3367280.
2, 5, 7, 859
What are the prime factors of 258168?
2, 3, 31, 347
List the prime factors of 17541141.
3, 5847047
List the prime factors of 547908.
2, 3, 45659
List the prime factors of 27058443.
3, 31, 131, 2221
List the prime factors of 167603.
17, 9859
List the prime factors of 6718430.
2, 5, 29, 23167
What are the prime factors of 223302?
2, 3, 37217
What are the prime factors of 3956907?
3, 887, 1487
List the prime factors of 4235547.
3, 367, 3847
List the prime factors of 2463201.
3, 13, 37, 569
What are the prime factors of 135116?
2, 17, 1987
List the prime factors of 475464.
2, 3, 11, 1801
List the prime factors of 5486365.
5, 29, 157, 241
List the prime factors of 600563.
31, 19373
List the prime factors of 1106220.
2, 3, 5, 103, 179
List the prime factors of 244617.
3, 67, 1217
List the prime factors of 10435.
5, 2087
List the prime factors of 740502.
2, 3, 7, 653
What are the prime factors of 2009957?
2009957
List the prime factors of 2287236.
2, 3, 7, 73, 373
List the prime factors of 342192.
2, 3, 7129
List the prime factors of 168659.
23, 7333
List the prime factors of 4532014.
2, 31, 67, 1091
List the prime factors of 288097.
19, 59, 257
What are the prime factors of 14269855?
5, 19, 150209
List the prime factors of 18623068.
2, 4655767
List the prime factors of 448692.
2, 3, 139, 269
What are the prime factors of 10504753?
7, 31, 48409
What are the prime factors of 8465162?
2, 4232581
What are the prime factors of 4337976?
2, 3, 180749
What are the prime factors of 1425037?
41, 34757
List the prime factors of 319029.
3, 19, 29, 193
What are the prime factors of 1801254?
2, 3, 7, 13, 3299
List the prime factors of 374815.
5, 7, 10709
List the prime factors of 472118.
2, 59, 4001
List the prime factors of 33555062.
2, 16777531
List the prime factors of 6860220.
2, 3, 5, 43, 2659
What are the prime factors of 2813472?
2, 3, 9769
List the prime factors of 110260.
2, 5, 37, 149
List the prime factors of 2204629.
7, 47, 6701
List the prime factors of 311430.
2, 3, 5, 7, 1483
List the prime factors of 982775.
5, 19, 2069
What are the prime factors of 11646940?
2, 5, 229, 2543
List the prime factors of 136463.
136463
List the prime factors of 1937160.
2, 3, 5, 5381
List the prime factors of 2007303.
3, 383, 1747
What are the prime factors of 81510?
2, 3, 5, 11, 13, 19
List the prime factors of 446451.
3, 148817
List the prime factors of 17366873.
17366873
List the prime factors of 344951.
37, 9323
What are the prime factors of 7606734?
2, 3, 1267789
What are the prime factors of 1420565?
5, 29, 97, 101
List the prime factors of 1779445.
5, 19, 18731
What are the prime factors of 279348?
2, 3, 23279
List the prime factors of 5614150.
2, 5, 47, 2389
What are the prime factors of 4923262?
2, 1021, 2411
What are the prime factors of 656075?
5, 7, 23, 163
List the prime factors of 26192661.
3, 11, 793717
What are the prime factors of 2302980?
2, 3, 5, 131, 293
What are the prime factors of 6121428?
2, 3, 17, 37, 811
List the prime factors of 631875.
3, 5, 337
List the prime factors of 69050.
2, 5, 1381
What are the prime factors of 919472?
2, 57467
List the prime factors of 1009300.
2, 5, 10093
What are the prime factors of 3124588?
2, 19, 41113
What are the prime factors of 176859?
3, 43, 457
List the prime factors of 3150613.
337, 9349
What are the prime factors of 8243113?
17, 61, 7949
What are the prime factors of 8233499?
37, 222527
What are the prime factors of 8609737?
389, 22133
List the prime factors of 17082753.
3, 1609, 3539
What are the prime factors of 4351400?
2, 5, 21757
What are the prime factors of 281201?
31, 47, 193
List the prime factors of 2206605.
3, 5, 147107
What are the prime factors of 2621714?
2, 107, 12251
What are the prime factors of 10788258?
2, 3, 13, 138311
What are the prime factors of 1556165?
5, 13, 89, 269
List the prime factors of 61722.
2, 3, 127
List the prime factors of 299298.
2, 3, 83, 601
What are the prime factors of 10908949?
10908949
List the prime factors of 3101040.
2, 3, 5, 59, 73
What are the prime factors of 5712810?
2, 3, 5, 191, 997
List the prime factors of 412003.
29, 14207
What are the prime factors of 459751?
167, 2753
What are the prime factors of 8545928?
2, 1068241
List the prime factors of 670595.
5, 71, 1889
List the prime factors of 41295479.
179, 281, 821
List the prime factors of 1725846.
2, 3, 19, 15139
List the prime factors of 205369.
41, 5009
List the prime factors of 4142951.
17, 243703
What are the prime factors of 207892?
2, 51973
List the prime factors of 19121233.
19121233
List the prime factors of 754874.
2, 37, 101
What are the prime factors of 1682150?
2, 5, 17, 1979
List the prime factors of 503123.
503123
What are the prime factors of 30870753?
3, 157, 65543
What are the prime factors of 272814?
2, 3, 41, 1109
What are the prime factors of 122932?
2, 73, 421
What are the prime factors of 36003?
3, 11, 1091
List the prime factors of 1037929.
1037929
What are the prime factors of 412834?
2, 151, 1367
List the prime factors of 305699.
107, 2857
List the prime factors of 3601086.
2, 3, 103, 5827
What are the prime factors of 12362?
2, 7, 883
What are the prime factors of 11592344?
2, 29, 1723
What are the prime factors of 725073?
3, 241691
List the prime factors of 3796778.
2, 1898389
List the prime factors of 7120457.
29, 245533
List the prime factors of 749913.
3, 249971
List the prime factors of 10612078.
2, 149, 239
List the prime factors of 114384.
2, 3, 2383
List the prime factors of 1673676.
2, 3, 15497
List the prime factors of 63782.
2, 31891
What are the prime factors of 83298?
2, 3, 13883
List the prime factors of 176561.
7, 11, 2293
List the prime factors of 73476.
2, 3, 13, 157
List the prime factors of 7212256.
2, 225383
What are the prime factors of 6190236?
2, 3, 13, 4409
What are the prime factors of 6577614?
2, 3, 365423
What are the prime factors of 206881?
443, 467
What are the prime factors of 235657?
19, 79, 157
What are the prime factors of 173054?
2, 7, 47, 263
List the prime factors of 924548.
2, 181, 1277
List the prime factors of 511348.
2, 127837
List the prime factors of 76037.
13, 5849
List the prime factors of 259668.
2, 3, 7213
What are the prime factors of